vided by f.
11
Let a(p) = -102*p + 9. What is the remainder when a(0) is divided by -1 - -3 - -4*1?
3
Let k = 11 - 19. Let p = k + 61. What is the remainder when p is divided by 27?
26
Suppose -7173 = -60*n + 2127. What is the remainder when n is divided by 40?
35
Let f = 1768 - 1430. What is the remainder when f is divided by 113?
112
Suppose -4*z + 2*x + 66 = 0, 0*x - 52 = -3*z + x. Suppose u + 7 = 2*p - z, 2*p = -4*u + 26. What is the remainder when 25 is divided by p?
12
Calculate the remainder when 133 is divided by (4 - 496)/(-12) - (-1 - -8).
31
Suppose g + 0 + 1 = -4*a, 5*a + 63 = 2*g. Suppose 2*m - z + 0*z = 65, 0 = -5*z + 25. Let t = m - 24. What is the remainder when g is divided by t?
8
Suppose 2*x - 40*c - 36 = -37*c, -5*x - c + 56 = 0. Calculate the remainder when 18 is divided by x.
6
Suppose 7 = 3*l + r, -6 = l - r + 3*r. Suppose l = -w + 4*d, -6 = d - 4*d. Suppose 16 = w*t - 3*t. What is the remainder when 62 is divided by t?
14
Suppose -10 = 5*d - 5*o, o - 8 = -2*d - 0*o. Let x be d/(-7) + 36/(-21). What is the remainder when 53 is divided by (-3)/(((-2)/x)/(-9))?
26
Let o(p) = p**2 + 2*p. Let d be o(-2). Suppose 2*v + k + 3*k - 14 = d, 0 = 4*v + 4*k - 24. Let j(n) = 3*n - 7. What is the remainder when j(5) is divided by v?
3
Suppose -4*s = 2*v - 216, 0 = -13*v + 9*v + 2*s + 432. Calculate the remainder when 321 is divided by v.
105
Suppose 0 = 3*n + 4*o - 59 - 6, 0 = n - 3*o - 39. What is the remainder when 155 is divided by n?
20
Suppose 2*x - 15 = 5*x. Let v = -1 - x. Suppose -u + 5 = -v. What is the remainder when u is divided by 5?
4
Let l(x) = x**3 + 11*x**2 - 16*x - 22. What is the remainder when l(-10) is divided by 30?
28
Let s(j) = -j**2 + j. Let c be s(0). Let x(z) = z**2 + z + 43. Let u(w) = w**3 - 11*w**2 + 17*w + 20. Calculate the remainder when x(c) is divided by u(9).
10
Let r(d) = -d**3 - 9*d**2 - 9*d + 27. Calculate the remainder when 208 is divided by r(-8).
33
Suppose -3*n + 0*n = 0. Suppose 3*t + 4*b - 53 = n, 48 = 3*t - 4*b + 11. Calculate the remainder when t is divided by 7.
1
Suppose j + u = 2*j + 1, j - 5*u = -9. Calculate the remainder when -128*(18/(-45) - j/10) is divided by 6.
4
Let l = -30 - -50. Calculate the remainder when 37 is divided by l.
17
Suppose 2*d - 8 = 4*d, 3*y = -4*d - 55. Let f = y + 32. Let i = -8 + f. Calculate the remainder when 43 is divided by i.
10
Suppose 5*a - 2*k = 71, -3*a + 2*k + 30 + 15 = 0. Let d(i) = 5*i + 9. Calculate the remainder when d(8) is divided by a.
10
Let z = 78 + -69. What is the remainder when 71 is divided by z?
8
Suppose -2*i = 3*s - 17 - 31, s = -3*i + 23. Calculate the remainder when (-8)/s + (-2766)/(-14) is divided by 33.
32
Suppose v - 160 + 79 = 0. Calculate the remainder when v is divided by 14.
11
Let y(u) = -u**2 - 3*u + 4. Let b be y(-4). Suppose -5*z + 39 + 26 = b. Calculate the remainder when 51 is divided by z.
12
Let d(t) = 14*t + 114. What is the remainder when ((-46)/(-6))/(2/12) is divided by d(-7)?
14
Suppose -1640 = -5*g - 3*k, 0*g + 3*k + 984 = 3*g. Calculate the remainder when g is divided by 86.
70
Let f(y) = 26*y**2 + 6*y + 8. Let m = -19 + 17. Calculate the remainder when f(m) is divided by 26.
22
Let m(b) = b - 1. Let x(a) = a**2 - 4*a + 1. Let n be x(4). Let p be m(n). Suppose -5*y + p = -150. What is the remainder when y is divided by 11?
8
What is the remainder when 438 is divided by 61 - ((-4)/(-4) - (4 + -1))?
60
Suppose -3 + 7 = 2*i. Suppose -m + 4*c - 4 = 2, i*m + 4*c = 48. Calculate the remainder when m is divided by 5.
4
Let j = 1 + 5. Suppose x + 3*b = 9, -x + 4*x - 55 = 5*b. What is the remainder when x is divided by j?
3
Let l = -130 - -133. Suppose 0 = 3*y + 5*p + 16 - 83, l*y - 2*p - 32 = 0. Calculate the remainder when 66 is divided by y.
10
Let a(p) = -2*p**3 - 29*p**2 - 13*p + 45. What is the remainder when 101 is divided by a(-14)?
8
Let a(x) = -x**3 - 3*x**2 - 52. What is the remainder when a(-9) is divided by 19?
16
Let w be 275/20*(9 - 1). Suppose -3*g + w = 2*g. Suppose q + 3 = 90. Calculate the remainder when q is divided by g.
21
Suppose 0 = -13*x + 280 + 318. Calculate the remainder when x is divided by 39.
7
Let b(n) = -2 - n**3 + 7*n**2 - 15*n**2 + 4 - 2*n. Suppose 4*k - 43 = 5*s, 2*s + 0 = -6. Calculate the remainder when b(-8) is divided by k.
4
Let m(u) = -u**2 + 22*u + 4. What is the remainder when m(20) is divided by 16?
12
Suppose -s + 5 = o + 3*s, 0 = -5*o - 2*s + 79. Calculate the remainder when 75 is divided by o.
7
Let t = -248 - -261. Let s = -95 - -145. Calculate the remainder when s is divided by t.
11
Let b(y) = -33*y + 236. What is the remainder when b(5) is divided by 5?
1
Let r = 319 - 309. What is the remainder when 37 is divided by r?
7
Let s(b) = -5*b - 79. What is the remainder when 30 is divided by s(-19)?
14
Let o = 0 - 2. Calculate the remainder when 1464/15 - o/5 is divided by 20.
18
Let w(a) = a**2 - 8*a. Calculate the remainder when (-111 + 109)*9*7/(-2) is divided by w(11).
30
Let i be (3 + -13)/5 + -32. Let b = 36 + i. What is the remainder when 6 is divided by b?
0
Suppose 5*b - 120 = b. Suppose 5*t - 4 = -3*z + 2, 5*t + z - 2 = 0. Suppose 2*m + t*m - 22 = 0. What is the remainder when b is divided by m?
8
Suppose 13 = m - 3. Suppose 4*p + w - 95 = 0, -84 = -3*p + 5*w + m. Calculate the remainder when p is divided by 14.
11
Let c be (188/(-10))/(16/(-40)). Let p = c - 39. What is the remainder when 39 is divided by p?
7
Suppose -714*g = -702*g - 504. Calculate the remainder when 750 is divided by g.
36
Suppose 0 = 3*r - 32 - 178. Let o = 35 - -20. Suppose 4*g - 17 = o. Calculate the remainder when r is divided by g.
16
Suppose -d + 13 = 2*v, v + v = d + 3. Suppose -46 = 2*w + 2*j, 31 = -w - w - d*j. Let n = -15 - w. Calculate the remainder when n is divided by 7.
6
Let o(i) = -10*i - 7. Suppose -4*s = s - 3*c - 345, -c + 127 = 2*s. What is the remainder when s is divided by o(-3)?
20
Let x be (-5 + 2)/3*8. Let z = x - 7. Let u = z + 32. Calculate the remainder when 31 is divided by u.
14
What is the remainder when 192 is divided by 2/(-5) + 187/55?
0
Suppose -2*n - 3*n - 40 = 0. Let y be (14/6)/(n/(-72)). Suppose d = -2*d + y. Calculate the remainder when 12 is divided by d.
5
Suppose 5*n - 80 + 55 = 0. Suppose n*h = 4*w + 31, 5*h + w - 30 = 6*w. What is the remainder when 22 is divided by h?
1
What is the remainder when 528 is divided by (-268)/(-2) - (9 - 15)?
108
Suppose 64 + 32 = 12*x. Calculate the remainder when 30 is divided by x.
6
Let g = -53 - -49. What is the remainder when (3 - 197/g) + 1/(-4) is divided by 28?
24
Let x(u) = 13*u**2 + u - 8. Let k be x(-3). Let r = k + -79. Calculate the remainder when r is divided by 14.
13
Let f(p) = 3*p**2 + 3*p + 5. Let d = -13 - -11. Calculate the remainder when f(d) is divided by 4.
3
Let q(m) = -10*m - m + m - 33 - 16. What is the remainder when 64 is divided by q(-6)?
9
Let t = 4 + 1. Suppose -3*b = -6, 3*k + t*b = -0*b + 52. Calculate the remainder when 25 is divided by k.
11
Suppose -29*s = -2833 - 1720. What is the remainder when s is divided by 20?
17
Let b(d) = -d**3 - 9*d**2 - d - 8. Let o = 4 + -13. Let z be b(o). Calculate the remainder when (-11)/(-3) + z/3 is divided by 3.
1
Let g = 98 + -87. Suppose -2*d = 5*l - 27, -l + d = -4*d. Suppose 18 = l*o - 22. What is the remainder when g is divided by o?
3
Let m(z) = -z**3 + 8*z**2 - 5*z + 4. Suppose 65 = 10*c + 15. Calculate the remainder when m(c) is divided by 14.
12
Let t(h) = 30*h**2 - 4*h + 11. Calculate the remainder when t(2) is divided by 18.
15
Suppose -2*g - 6 = -66. Let o = -426 - -544. Calculate the remainder when o is divided by g.
28
Suppose 48*r = 46*r + 454. What is the remainder when r is divided by 58?
53
Let k = -18 + 10. Let g be 2121/12 + (-2)/k. Suppose 0*s + g = 3*s. Calculate the remainder when s is divided by 15.
14
Let s(t) = t**3 - 44*t**2 + 133*t - 65. What is the remainder when s(41) is divided by 64?
25
Let h = 66 + -53. What is the remainder when 37 is divided by h?
11
Let u = 1 + -2. Let f be 356/5 + u/5. Let r = -42 + f. What is the remainder when r is divided by 10?
9
Let x = 48 - 46. Suppose -x*j = 4*r - j - 106, -2*r - 5*j + 44 = 0. Let q(f) = f**3 + f**2 + 2*f - 1. What is the remainder when r is divided by q(2)?
12
Suppo